at are the prime factors of 58/(8 - 618/78)?
2, 13, 29
Let m(z) = 2*z**2 - 3*z - 3. Let c be m(3). Let x be 435/(-18) - (-1)/c. What are the prime factors of ((-9)/6)/(2/x)?
2, 3
Suppose -2*q = -2*s - 2*s - 16, 4*s = -2*q. List the prime factors of ((-22)/s)/(2/4).
2, 11
Suppose 18 = 4*f - 2*s, 5*f - 20 = 3*s - s. Suppose -3*y + 10 = f*y. Let p = y + 13. What are the prime factors of p?
3, 5
Let y(o) = -5*o**2 + 14*o - 26. Let l be y(5). Let t = l - -120. List the prime factors of t.
3, 13
Let q be (-2112)/(-36)*15/2. Let h be q/4 + 0 + -3. Suppose -4*n - 3*m = -h, -52 = -2*n - m - m. What are the prime factors of n?
29
Let q(k) = 10*k**2 + 3*k - 12. Let h(v) = 9*v**2 + 3*v - 11. Let n(o) = 4*h(o) - 3*q(o). What are the prime factors of n(5)?
157
Suppose -d = g + 504, -3*d - 496 = g + 2*d. List the prime factors of g/(-8) - (-6)/(-24).
3, 7
Let g(l) = l + 10. Let w be g(-6). Suppose -2*m = -3*j - 10, 3 = -w*j + 2*m - 7. Suppose j = z - 30 + 5. List the prime factors of z.
5
Suppose 45 = -5*y - s, 2*s = s. List the prime factors of (-201 + 6)*(-1 + y/(-15)).
2, 3, 13
Let p = 339 - 239. Suppose -r = -p + 1. List the prime factors of r.
3, 11
Let d(v) = 19*v**2 - 318*v + 41. List the prime factors of d(17).
2, 3, 7
Suppose -5*u - 3 = g, 4*g + 3*u - 1 - 38 = 0. Suppose -2*y - 2*y + 3*p = 11, g = -4*p. Let t = y + 14. What are the prime factors of t?
3
Let l(j) = -1 + 3 - 1 + 6*j. Let b(f) = -f - 2. Let p be b(-3). What are the prime factors of l(p)?
7
Let k = -69 + 82. Suppose -3*r = 4*t + 1, -2*t + 4*r + k + 3 = 0. What are the prime factors of t?
2
Suppose 8*u = 4060 + 3620. What are the prime factors of u?
2, 3, 5
Let t(k) = -2*k - 2. Let d(s) = s + 1. Let n(u) = -5*d(u) - 2*t(u). Let x be n(-3). Suppose x*w = -w + 114. What are the prime factors of w?
2, 19
Let f = -86 - -86. Suppose -4*b + 322 = 2*x, f = -2*x - 5*b + 450 - 130. List the prime factors of x.
3, 5, 11
Let a be 6*(-3)/(-6)*9. Suppose 21 = 5*c - 5*p + 6, 0 = c + 5*p - a. Suppose 5*z = 8 + c. What are the prime factors of z?
3
Let i(w) = w**2 - 3*w + 53. List the prime factors of i(17).
3, 97
Let u(o) be the first derivative of -o**2 + 11. Let f(m) = -4*m - 2. Let i(n) = 2*f(n) + 4*u(n). List the prime factors of i(-4).
2, 3, 5
Let d(u) = -u**3 - 7*u**2 + 4. Let k be d(-7). Suppose -k*n - 2*a = -46, a + 35 = 2*n + 10. What are the prime factors of n?
2, 3
Suppose 40*w = 32*w + 7800. What are the prime factors of w?
3, 5, 13
Suppose 0 = 2*o - 3 + 95. Let p = 93 + o. List the prime factors of p.
47
Let x = -22 + 15. Let n(u) = -u**2 - 5*u + 2. Let m be n(x). List the prime factors of 7/((-84)/32)*m.
2
Suppose 874 + 956 = 2*k. What are the prime factors of k?
3, 5, 61
Let i = 3924 - 2654. Suppose 11*w - i + 159 = 0. List the prime factors of w.
101
Suppose -14 = -7*u + 7. Suppose u*l + 0*o + 5*o = 532, -3*o + 184 = l. List the prime factors of l.
13
Let h = 5 + -1. Suppose 0 = -5*d - j + 251, d + h*d - 267 = 3*j. Suppose -c + 81 = c - s, 3*s = -c + d. List the prime factors of c.
2, 3, 7
Suppose 2*s = 3*w - w + 80, -4*w = -2*s + 156. List the prime factors of (-1)/(((-14)/(-70))/(w/5)).
2, 19
Let i = -25 - -27. Suppose -i = -3*f + 2*f - p, -2 = 5*f - p. List the prime factors of 114/2 - (3 + f).
2, 3
Suppose 3*i - 8*i = 5*v - 1150, 2*v + 1150 = 5*i. What are the prime factors of i?
2, 5, 23
Suppose -4*m + 36 = 5*m. Suppose 94 + 214 = m*j. List the prime factors of j.
7, 11
Suppose 7 = -m + 19. Let d = 79 + m. List the prime factors of d.
7, 13
Suppose -4*l - l + 26 = 3*c, -5*c + l + 6 = 0. Suppose 2*v - 5*y = -0*y + 48, -4*y - 48 = -c*v. Suppose 3*z = 5*z - v. List the prime factors of z.
2, 3
Let a be ((-3)/3)/((-5)/120). Suppose -3*p + a = -p. List the prime factors of 2/p + (-3289)/(-66).
2, 5
List the prime factors of (-3)/2*(-4 + 550/(-15)).
61
Let f = 3491 - 1377. What are the prime factors of f?
2, 7, 151
Let k = 8 + -7. Let m be 2 + -2 + k - 0. What are the prime factors of -1 - m*-21*1?
2, 5
Let q be 14 + -7 - (0 - -3). Let x(y) = y**3 - 5*y**2 + 5*y - 5. Let u be x(q). What are the prime factors of ((-8)/u)/(-2)*-5?
2, 5
List the prime factors of -1*(4712/(-12))/(2/3).
19, 31
What are the prime factors of (1894/(-3))/(4 - (-208)/(-48))?
2, 947
Suppose -3*c = 5*t - 5, -c + 4*c = 0. Suppose -2 = -o + t. Suppose o*y + y = 84. List the prime factors of y.
3, 7
Let y(t) = -t**3 + 13*t**2 + 31*t + 22. List the prime factors of y(15).
37
Let z(m) = -49*m**3 - 3*m**2 - 30*m - 85. List the prime factors of z(-3).
1301
Let z = -13 - -21. Suppose u - z = s, s + 0*s = 4*u - 17. Let i(r) = 2*r**2 - r + 3. List the prime factors of i(u).
2, 3
Suppose 0 = -4*w - h - 18, -3*h = w - 1 + 11. Let b be (42/w)/((-3)/(-20)). What are the prime factors of 14/1*(-120)/b?
2, 3
Suppose 25*z - 21*z = 8948. Suppose 13*b = z + 77. What are the prime factors of b?
2, 89
List the prime factors of -4 + 4 + 3/(-1) + 200.
197
Suppose -5*j + 0*r + 19 = 3*r, 3*r = -2*j + 4. Suppose -5*g - 137 = -k, -j*k + 0*g + 766 = 2*g. What are the prime factors of k?
2, 19
Suppose 5*r = 2*r + 576. Suppose -5*l + 182 = -3*l - c, 2*l - r = -4*c. Suppose p + l = 5*p. What are the prime factors of p?
23
Let k(q) = -27*q - 10. What are the prime factors of k(-10)?
2, 5, 13
Let f(y) = -y**2 - 2 - 2*y**2 + y**2 + 0 - 6*y. Let l be f(-4). What are the prime factors of l/25 - (-174)/10?
17
Let b(d) = -d**2 + d + 7. Let m be b(-5). Let t = -9 - m. What are the prime factors of t?
2, 7
Let s be (-27748)/(-210) - 2/15. Suppose 2*a = -2*a + 376. Let n = s - a. List the prime factors of n.
2, 19
Suppose -3*y + 336 = p - 4*y, 0 = 2*p - 3*y - 677. List the prime factors of p.
331
Let s = -228 + 379. Let a = 306 - s. Suppose 9*w - 10 = 4*w, -5*r - 5*w = -a. List the prime factors of r.
29
Let t = -42 - -47. Let g be (-1)/(-1 + (-8)/(-10)). Suppose t*k + 66 = g*w - 89, 152 = 4*w + 3*k. What are the prime factors of w?
5, 7
Let y = -216 + 969. List the prime factors of y.
3, 251
Let a be -10*(2/4)/(-1). Suppose 2*v = 7*v + a*n + 15, 3*v - 3*n = 21. Suppose -v*c = -62 - 28. List the prime factors of c.
3, 5
Suppose 0 = v - 2*i - 3003, -3*i + 9049 = 3*v + i. What are the prime factors of v?
3011
Let u(j) = -3*j - 10. Let t be u(-5). Suppose 3*b - 6 = -r + 10, -t*r = -5. Suppose 0 = -3*g + b*n + 100, -39 = 5*g + n - 159. List the prime factors of g.
5
Suppose 0 = -h - 4*u + 14, -2*h = h - 4*u - 90. Let c be 1*3*5/3. Suppose -99 = -c*x + h. List the prime factors of x.
5
List the prime factors of (1085/15 - 4)*3.
5, 41
Let r = -1229 - -2807. What are the prime factors of r?
2, 3, 263
Let m = -975 + 1472. What are the prime factors of m?
7, 71
Let x be (8/(-12))/(6/9). Let j = 4 + x. What are the prime factors of j?
3
Let t = 660 - 158. What are the prime factors of t?
2, 251
Suppose 0 = 5*k - 0*k. Suppose k = -7*h + 870 + 124. What are the prime factors of h?
2, 71
Suppose 4*n = -2*n. Suppose n = -4*w + 732 + 68. Suppose 4*v - 8*v + w = 0. List the prime factors of v.
2, 5
Let h(c) = c. Let u(i) = 14*i + 5. Let x(j) = -5*h(j) - u(j). What are the prime factors of x(-4)?
71
Suppose 5*b - 11*o = -15*o + 10950, -4*b + 2*o + 8760 = 0. List the prime factors of b.
2, 3, 5, 73
Let k be (-3 - 11)/(4/26). Let o be 2/(-13) - 1925/k. Let u = o + -1. List the prime factors of u.
2, 5
Let a(d) = 21*d - 1. Suppose 5*r + 0 = 2*c - 6, -3 = -c + 4*r. Let p = -2 + c. List the prime factors of a(p).
2, 5
Suppose i - 4*i - 3 = 0, -3*g + 286 = -4*i. Let z = -60 + g. List the prime factors of z.
2, 17
Suppose 18 - 13 = p. Suppose 0*y = p*y + 5*l - 1155, 0 = 2*y + 5*l - 459. What are the prime factors of y?
2, 29
Suppose -m = 3*x - 0*x - 586, -3*m + 198 = x. Let c = x - 139. What are the prime factors of c?
2, 7
Suppose 17*j - 37*j + 50460 = 0. What are the prime factors of j?
3, 29
Let q be (-12)/30*(-17 - -2). Let o(m) = m**2 + 7*m - 6. List the prime factors of o(q).
2, 3
List the prime factors of 8 + -13 - (-2 + -221*3).
2, 3, 5, 11
Let v(r) = 4*r + 0*r**3 + 2*r**3 - r**3 + 7*r**2 + 6 - 2*r. Suppose 0 = -2*n + 4*t - 26, 0*n - 2*t = 3*n + 7. What are the prime factors of v(n)?
2, 23
Let s be 2/3 - (-4257)/(-27). Let z = -55 - s. What are the prime factors of z?
2, 3, 17
Let q = 2317 + 1395. What are the prime factors of q?
2, 29
Suppose 0 = -3*l - 5*u + 456 +